{"id":96,"date":"2022-02-27T11:28:40","date_gmt":"2022-02-27T11:28:40","guid":{"rendered":"https:\/\/temporal.si\/temp\/?page_id=96"},"modified":"2025-07-10T05:31:33","modified_gmt":"2025-07-10T05:31:33","slug":"reference","status":"publish","type":"page","link":"https:\/\/temporal.si\/index.php\/reference\/","title":{"rendered":"REFERENCE"},"content":{"rendered":"<h6><strong>OSNOVNE \u0160OLE<br \/>\n<\/strong>Osnovna \u0161ola Maksa Pe\u010darja<br \/>\nOsnovna \u0161ola Sladki Vrh<br \/>\nOsnovna \u0161ola Markovci<br \/>\nOsnovna \u0161ola Radlje ob Dravi<br \/>\nOsnovna \u0161ola \u0160marje pri Jel\u0161ah<br \/>\nOsnovna \u0161ola Pod\u010detrtek<br \/>\nOsnovna \u0161ola Stra\u017ei\u0161\u010de Kranj<br \/>\nOsnovna \u0161ola Simona Jenka Kranj<br \/>\nOsnovna \u0161ola \u0160en\u010dur<br \/>\nOsnovna \u0161ola Ivana Groharja \u0160kofja Loka<br \/>\nOsnovna \u0161ola Kri\u017ee<br \/>\nOsnovna \u0161ola Sava Kladnika Sevnica<br \/>\nOsnovna \u0161ola Ferda Vesela \u0160entvid pri Sti\u010dni<br \/>\nOsnovna \u0161ola A. T. Linharta Radovljica<br \/>\nOsnovna \u0161ola Log &#8211;\u00a0 Dragomer<br \/>\nOsnovna \u0161ola LA Grosuplje<br \/>\nOsnovna \u0161ola Breg<br \/>\nOsnovna \u0161ola Beltinci<br \/>\nZavod za gluhe in naglu\u0161ne Ljubljana<br \/>\nOsnovna \u0161ola Brinje Grosuplje<br \/>\nOsnovna \u0161ola Livada Velenje<br \/>\nOsnovna \u0161ola Cvetka Golarja \u0160kofja Loka<br \/>\nOsnovna \u0161ola Tr\u017ei\u010d<br \/>\nI. Osnovna \u0161ola \u017dalec<br \/>\n&#8230;<\/h6>\n<h6><strong>SREDNJE \u0160OLE<br \/>\n<\/strong>Biotehni\u010dni izobra\u017eevalni center Ljubljana<br \/>\nSGGO\u0160 Ljubljana<br \/>\nGimnazija Be\u017eigrad<strong><br \/>\n<\/strong>Gimnazija Vi\u010d Ljubljana<br \/>\nIzobra\u017eevalni center Piramida Maribor<br \/>\nTehni\u0161ki \u0161olski center Maribor<br \/>\n\u0160olski center Ptuj<br \/>\n\u0160olski center Slovenj Gradec<br \/>\nGimnazija Ravne na Koro\u0161kem<br \/>\n1. gimnazija v Celju<br \/>\nSrednja zdravstvena in kozmeti\u010dna \u0161ola Celje<br \/>\n\u0160olski center Celje<br \/>\n\u0160olski center Velenje<br \/>\nGimnazija Novo mesto<br \/>\nEkonomska \u0161ola Novo Mesto<br \/>\n\u0160olski center Novo mesto<br \/>\nGimnazija Franca Miklo\u0161i\u010da Ljutomer<br \/>\nGimnazija in ES\u0160 Trbovlje<br \/>\nSrednja \u0161ola Zagorje<br \/>\nSrednja vzgojiteljska \u0161ola, gimnazija in umetni\u0161ka gimnazija Ljubljana<br \/>\n\u0160HVU Celje<br \/>\nSrednja frizerska \u0161ola Ljubljana<br \/>\nSrednja zdravstvena \u0161ola Ljubljana<br \/>\nGimnazija in srednja \u0161ola Rudolfa Maistra Kamnik<br \/>\nSrednja \u0161ola za oblikovanje in fotografijo Ljubljana<br \/>\nSPT\u0160 Murska Sobota<br \/>\nSrednja \u0161ola Ravne<br \/>\nGimnazija Celje \u2013 Center<br \/>\n\u0160olski center Kranj<br \/>\n&#8230;<\/h6>\n<h6><strong>FAKULTETE IN VI\u0160JE \u0160OLE<br \/>\n<\/strong>Vi\u0161ja strokovna \u0161ola za gostinstvo, velnes in turizem Bled<br \/>\nDOBA Maribor<br \/>\nBIC Ljubljana \u2013 Vi\u0161ja strokovna \u0161ola<br \/>\n&#8230;<\/h6>\n","protected":false},"excerpt":{"rendered":"<p>OSNOVNE \u0160OLE Osnovna \u0161ola Maksa Pe\u010darja Osnovna \u0161ola Sladki Vrh Osnovna \u0161ola Markovci Osnovna \u0161ola Radlje ob Dravi Osnovna \u0161ola \u0160marje pri Jel\u0161ah Osnovna \u0161ola Pod\u010detrtek Osnovna \u0161ola Stra\u017ei\u0161\u010de Kranj Osnovna \u0161ola Simona Jenka Kranj Osnovna \u0161ola \u0160en\u010dur Osnovna \u0161ola Ivana Groharja \u0160kofja Loka Osnovna \u0161ola Kri\u017ee Osnovna \u0161ola Sava Kladnika Sevnica Osnovna \u0161ola Ferda &#8230; <a title=\"REFERENCE\" class=\"read-more\" href=\"https:\/\/temporal.si\/index.php\/reference\/\" aria-label=\"More on REFERENCE\">Read more<\/a><\/p>\n","protected":false},"author":1,"featured_media":0,"parent":0,"menu_order":0,"comment_status":"closed","ping_status":"closed","template":"","meta":{"footnotes":""},"class_list":["post-96","page","type-page","status-publish"],"yoast_head":"<!-- This site is optimized with the Yoast SEO plugin v26.9 - https:\/\/yoast.com\/product\/yoast-seo-wordpress\/ -->\n<title>REFERENCE -<\/title>\n<meta name=\"robots\" content=\"index, follow, max-snippet:-1, max-image-preview:large, max-video-preview:-1\" \/>\n<link rel=\"canonical\" href=\"https:\/\/temporal.si\/index.php\/reference\/\" \/>\n<meta property=\"og:locale\" content=\"sl_SI\" \/>\n<meta property=\"og:type\" content=\"article\" \/>\n<meta property=\"og:title\" content=\"REFERENCE -\" \/>\n<meta property=\"og:description\" content=\"OSNOVNE \u0160OLE Osnovna \u0161ola Maksa Pe\u010darja Osnovna \u0161ola Sladki Vrh Osnovna \u0161ola Markovci Osnovna \u0161ola Radlje ob Dravi Osnovna \u0161ola \u0160marje pri Jel\u0161ah Osnovna \u0161ola Pod\u010detrtek Osnovna \u0161ola Stra\u017ei\u0161\u010de Kranj Osnovna \u0161ola Simona Jenka Kranj Osnovna \u0161ola \u0160en\u010dur Osnovna \u0161ola Ivana Groharja \u0160kofja Loka Osnovna \u0161ola Kri\u017ee Osnovna \u0161ola Sava Kladnika Sevnica Osnovna \u0161ola Ferda ... Read more\" \/>\n<meta property=\"og:url\" content=\"https:\/\/temporal.si\/index.php\/reference\/\" \/>\n<meta property=\"article:modified_time\" content=\"2025-07-10T05:31:33+00:00\" \/>\n<meta name=\"twitter:card\" content=\"summary_large_image\" \/>\n<meta name=\"twitter:label1\" content=\"Est. reading time\" \/>\n\t<meta name=\"twitter:data1\" content=\"2 minuti\" \/>\n<script type=\"application\/ld+json\" class=\"yoast-schema-graph\">{\"@context\":\"https:\/\/schema.org\",\"@graph\":[{\"@type\":\"WebPage\",\"@id\":\"https:\/\/temporal.si\/index.php\/reference\/\",\"url\":\"https:\/\/temporal.si\/index.php\/reference\/\",\"name\":\"REFERENCE -\",\"isPartOf\":{\"@id\":\"https:\/\/temporal.si\/#website\"},\"datePublished\":\"2022-02-27T11:28:40+00:00\",\"dateModified\":\"2025-07-10T05:31:33+00:00\",\"breadcrumb\":{\"@id\":\"https:\/\/temporal.si\/index.php\/reference\/#breadcrumb\"},\"inLanguage\":\"sl-SI\",\"potentialAction\":[{\"@type\":\"ReadAction\",\"target\":[\"https:\/\/temporal.si\/index.php\/reference\/\"]}]},{\"@type\":\"BreadcrumbList\",\"@id\":\"https:\/\/temporal.si\/index.php\/reference\/#breadcrumb\",\"itemListElement\":[{\"@type\":\"ListItem\",\"position\":1,\"name\":\"Home\",\"item\":\"https:\/\/temporal.si\/\"},{\"@type\":\"ListItem\",\"position\":2,\"name\":\"REFERENCE\"}]},{\"@type\":\"WebSite\",\"@id\":\"https:\/\/temporal.si\/#website\",\"url\":\"https:\/\/temporal.si\/\",\"name\":\"\",\"description\":\"\",\"potentialAction\":[{\"@type\":\"SearchAction\",\"target\":{\"@type\":\"EntryPoint\",\"urlTemplate\":\"https:\/\/temporal.si\/?s={search_term_string}\"},\"query-input\":{\"@type\":\"PropertyValueSpecification\",\"valueRequired\":true,\"valueName\":\"search_term_string\"}}],\"inLanguage\":\"sl-SI\"}]}<\/script>\n<!-- \/ Yoast SEO plugin. -->","yoast_head_json":{"title":"REFERENCE -","robots":{"index":"index","follow":"follow","max-snippet":"max-snippet:-1","max-image-preview":"max-image-preview:large","max-video-preview":"max-video-preview:-1"},"canonical":"https:\/\/temporal.si\/index.php\/reference\/","og_locale":"sl_SI","og_type":"article","og_title":"REFERENCE -","og_description":"OSNOVNE \u0160OLE Osnovna \u0161ola Maksa Pe\u010darja Osnovna \u0161ola Sladki Vrh Osnovna \u0161ola Markovci Osnovna \u0161ola Radlje ob Dravi Osnovna \u0161ola \u0160marje pri Jel\u0161ah Osnovna \u0161ola Pod\u010detrtek Osnovna \u0161ola Stra\u017ei\u0161\u010de Kranj Osnovna \u0161ola Simona Jenka Kranj Osnovna \u0161ola \u0160en\u010dur Osnovna \u0161ola Ivana Groharja \u0160kofja Loka Osnovna \u0161ola Kri\u017ee Osnovna \u0161ola Sava Kladnika Sevnica Osnovna \u0161ola Ferda ... Read more","og_url":"https:\/\/temporal.si\/index.php\/reference\/","article_modified_time":"2025-07-10T05:31:33+00:00","twitter_card":"summary_large_image","twitter_misc":{"Est. reading time":"2 minuti"},"schema":{"@context":"https:\/\/schema.org","@graph":[{"@type":"WebPage","@id":"https:\/\/temporal.si\/index.php\/reference\/","url":"https:\/\/temporal.si\/index.php\/reference\/","name":"REFERENCE -","isPartOf":{"@id":"https:\/\/temporal.si\/#website"},"datePublished":"2022-02-27T11:28:40+00:00","dateModified":"2025-07-10T05:31:33+00:00","breadcrumb":{"@id":"https:\/\/temporal.si\/index.php\/reference\/#breadcrumb"},"inLanguage":"sl-SI","potentialAction":[{"@type":"ReadAction","target":["https:\/\/temporal.si\/index.php\/reference\/"]}]},{"@type":"BreadcrumbList","@id":"https:\/\/temporal.si\/index.php\/reference\/#breadcrumb","itemListElement":[{"@type":"ListItem","position":1,"name":"Home","item":"https:\/\/temporal.si\/"},{"@type":"ListItem","position":2,"name":"REFERENCE"}]},{"@type":"WebSite","@id":"https:\/\/temporal.si\/#website","url":"https:\/\/temporal.si\/","name":"","description":"","potentialAction":[{"@type":"SearchAction","target":{"@type":"EntryPoint","urlTemplate":"https:\/\/temporal.si\/?s={search_term_string}"},"query-input":{"@type":"PropertyValueSpecification","valueRequired":true,"valueName":"search_term_string"}}],"inLanguage":"sl-SI"}]}},"_links":{"self":[{"href":"https:\/\/temporal.si\/index.php\/wp-json\/wp\/v2\/pages\/96","targetHints":{"allow":["GET"]}}],"collection":[{"href":"https:\/\/temporal.si\/index.php\/wp-json\/wp\/v2\/pages"}],"about":[{"href":"https:\/\/temporal.si\/index.php\/wp-json\/wp\/v2\/types\/page"}],"author":[{"embeddable":true,"href":"https:\/\/temporal.si\/index.php\/wp-json\/wp\/v2\/users\/1"}],"replies":[{"embeddable":true,"href":"https:\/\/temporal.si\/index.php\/wp-json\/wp\/v2\/comments?post=96"}],"version-history":[{"count":17,"href":"https:\/\/temporal.si\/index.php\/wp-json\/wp\/v2\/pages\/96\/revisions"}],"predecessor-version":[{"id":555,"href":"https:\/\/temporal.si\/index.php\/wp-json\/wp\/v2\/pages\/96\/revisions\/555"}],"wp:attachment":[{"href":"https:\/\/temporal.si\/index.php\/wp-json\/wp\/v2\/media?parent=96"}],"curies":[{"name":"wp","href":"https:\/\/api.w.org\/{rel}","templated":true}]}}